{"id":9451,"date":"2020-06-29T09:51:16","date_gmt":"2020-06-29T09:51:16","guid":{"rendered":"http:\/\/razemnawyzyny.pl\/?page_id=9451"},"modified":"2020-06-29T09:51:30","modified_gmt":"2020-06-29T09:51:30","slug":"stowarzyszenie-rozwoju-zespolu-szkolno-przedszkolnego-im-jana-pawla-ii-rudnikach-rozwoj-ogolnodostepnej-niekomercyjnej-infrastruktury-rekreacyjnej-poprzez-stworzenie-boiska-wie","status":"publish","type":"page","link":"https:\/\/razemnawyzyny.pl\/projekt-grantowy-mar\/zrealizowane-zadania-mar\/stowarzyszenie-rozwoju-zespolu-szkolno-przedszkolnego-im-jana-pawla-ii-rudnikach-rozwoj-ogolnodostepnej-niekomercyjnej-infrastruktury-rekreacyjnej-poprzez-stworzenie-boiska-wie\/","title":{"rendered":"Stowarzyszenie Rozwoju Zespo\u0142u Szkolno-Przedszkolnego im. Jana Paw\u0142a II w Rudnikach \u2013 \u201eRozw\u00f3j og\u00f3lnodost\u0119pnej i niekomercyjnej infrastruktury rekreacyjnej poprzez stworzenie boiska wielofunkcyjnego do siatk\u00f3wki pla\u017cowej, pi\u0142ki r\u0119cznej pla\u017cowej oraz pi\u0142ki no\u017cnej pla\u017cowej w miejscowo\u015bci Rudniki.\u201d"},"content":{"rendered":"<p><strong>Termin realizacji zadania: 05.11.2018\u00a0r. \u2013 30.07.2019\u00a0r.<\/strong><\/p>\n<p>Zadanie obejmowa\u0142o:<\/p>\n<ul>\n<li>budow\u0119 wielofunkcyjnego boiska do siatk\u00f3wki pla\u017cowej, pi\u0142ki no\u017cnej pla\u017cowej i pi\u0142ki r\u0119cznej pla\u017cowej<\/li>\n<li>organizacj\u0119 turnieju siatk\u00f3wki pla\u017cowej<\/li>\n<\/ul>\n<p>W ramach zadania powsta\u0142o wielofunkcyjne boisko w miejscowo\u015bci Rudniki.\u00a0W ramach promocji i integracji mieszka\u0144c\u00f3w\u00a0 zosta\u0142 zorganizowany turniej siatk\u00f3wki pla\u017cowj &#8211; otwieraj\u0105cy boisko w Rudnikach. W turnieju udzia\u0142 wzi\u0119\u0142o 36 uczestnik\u00f3w. Jedn\u0105 z dodatkowych atrakcji by\u0142 pokaz freestyle prowadzony przez Adriana Franca. Ka\u017cdy uczestnik turnieju otrzyma\u0142 koszulk\u0119 pami\u0105tkow\u0105 z logo LGD &#8222;Razem na wy\u017cyny&#8221;<\/p>\n<figure id=\"attachment_9454\" aria-describedby=\"caption-attachment-9454\" style=\"width: 3968px\" class=\"wp-caption alignnone\"><a href=\"http:\/\/razemnawyzyny.pl\/wp-content\/uploads\/2020\/06\/IMG_20190906_143103.jpg\"><img loading=\"lazy\" decoding=\"async\" class=\"size-full wp-image-9454\" src=\"http:\/\/razemnawyzyny.pl\/wp-content\/uploads\/2020\/06\/IMG_20190906_143103.jpg\" alt=\"\" width=\"3968\" height=\"2976\" srcset=\"https:\/\/razemnawyzyny.pl\/wp-content\/uploads\/2020\/06\/IMG_20190906_143103.jpg 3968w, https:\/\/razemnawyzyny.pl\/wp-content\/uploads\/2020\/06\/IMG_20190906_143103-768x576.jpg 768w, https:\/\/razemnawyzyny.pl\/wp-content\/uploads\/2020\/06\/IMG_20190906_143103-80x60.jpg 80w, https:\/\/razemnawyzyny.pl\/wp-content\/uploads\/2020\/06\/IMG_20190906_143103-265x198.jpg 265w, https:\/\/razemnawyzyny.pl\/wp-content\/uploads\/2020\/06\/IMG_20190906_143103-696x522.jpg 696w, https:\/\/razemnawyzyny.pl\/wp-content\/uploads\/2020\/06\/IMG_20190906_143103-1068x801.jpg 1068w, https:\/\/razemnawyzyny.pl\/wp-content\/uploads\/2020\/06\/IMG_20190906_143103-560x420.jpg 560w\" sizes=\"(max-width: 3968px) 100vw, 3968px\" \/><\/a><figcaption id=\"caption-attachment-9454\" class=\"wp-caption-text\">dav<\/figcaption><\/figure>\n<p><a href=\"http:\/\/razemnawyzyny.pl\/wp-content\/uploads\/2020\/06\/hdimg98231f00ac3b4001cbfd6aa6f38b3f.jpg\"><img loading=\"lazy\" decoding=\"async\" class=\"alignnone size-full wp-image-9453\" src=\"http:\/\/razemnawyzyny.pl\/wp-content\/uploads\/2020\/06\/hdimg98231f00ac3b4001cbfd6aa6f38b3f.jpg\" alt=\"\" width=\"640\" height=\"480\" srcset=\"https:\/\/razemnawyzyny.pl\/wp-content\/uploads\/2020\/06\/hdimg98231f00ac3b4001cbfd6aa6f38b3f.jpg 640w, https:\/\/razemnawyzyny.pl\/wp-content\/uploads\/2020\/06\/hdimg98231f00ac3b4001cbfd6aa6f38b3f-80x60.jpg 80w, https:\/\/razemnawyzyny.pl\/wp-content\/uploads\/2020\/06\/hdimg98231f00ac3b4001cbfd6aa6f38b3f-265x198.jpg 265w, https:\/\/razemnawyzyny.pl\/wp-content\/uploads\/2020\/06\/hdimg98231f00ac3b4001cbfd6aa6f38b3f-560x420.jpg 560w\" sizes=\"(max-width: 640px) 100vw, 640px\" \/><\/a><a href=\"http:\/\/razemnawyzyny.pl\/wp-content\/uploads\/2020\/06\/hdimg00301466fb20cd5b083e29954783b1.jpg\"><img loading=\"lazy\" decoding=\"async\" class=\"alignnone size-full wp-image-9452\" src=\"http:\/\/razemnawyzyny.pl\/wp-content\/uploads\/2020\/06\/hdimg00301466fb20cd5b083e29954783b1.jpg\" alt=\"\" width=\"640\" height=\"480\" srcset=\"https:\/\/razemnawyzyny.pl\/wp-content\/uploads\/2020\/06\/hdimg00301466fb20cd5b083e29954783b1.jpg 640w, https:\/\/razemnawyzyny.pl\/wp-content\/uploads\/2020\/06\/hdimg00301466fb20cd5b083e29954783b1-80x60.jpg 80w, https:\/\/razemnawyzyny.pl\/wp-content\/uploads\/2020\/06\/hdimg00301466fb20cd5b083e29954783b1-265x198.jpg 265w, https:\/\/razemnawyzyny.pl\/wp-content\/uploads\/2020\/06\/hdimg00301466fb20cd5b083e29954783b1-560x420.jpg 560w\" sizes=\"(max-width: 640px) 100vw, 640px\" \/><\/a><\/p>\n<p><strong>Warto\u015b\u0107 zadania:<\/strong>\u00a030 262,25 z\u0142<strong><em><br \/>\n<\/em>Kwota grantu:<\/strong>\u00a024 905,83 z\u0142<\/p>\n","protected":false},"excerpt":{"rendered":"<p>Termin realizacji zadania: 05.11.2018\u00a0r. \u2013 30.07.2019\u00a0r. Zadanie obejmowa\u0142o: budow\u0119 wielofunkcyjnego boiska do siatk\u00f3wki pla\u017cowej, pi\u0142ki no\u017cnej pla\u017cowej i pi\u0142ki r\u0119cznej pla\u017cowej organizacj\u0119 turnieju siatk\u00f3wki pla\u017cowej W ramach zadania powsta\u0142o wielofunkcyjne boisko w miejscowo\u015bci Rudniki.\u00a0W ramach promocji i integracji mieszka\u0144c\u00f3w\u00a0 zosta\u0142 zorganizowany turniej siatk\u00f3wki pla\u017cowj &#8211; otwieraj\u0105cy boisko w Rudnikach. W turnieju udzia\u0142 wzi\u0119\u0142o 36 uczestnik\u00f3w. [&hellip;]<\/p>\n","protected":false},"author":10,"featured_media":0,"parent":9125,"menu_order":0,"comment_status":"closed","ping_status":"closed","template":"","meta":{"footnotes":""},"yoast_head":"<!-- This site is optimized with the Yoast SEO plugin v22.7 - https:\/\/yoast.com\/wordpress\/plugins\/seo\/ -->\n<title>Stowarzyszenie Rozwoju Zespo\u0142u Szkolno-Przedszkolnego im. Jana Paw\u0142a II w Rudnikach \u2013 \u201eRozw\u00f3j og\u00f3lnodost\u0119pnej i niekomercyjnej infrastruktury rekreacyjnej poprzez stworzenie boiska wielofunkcyjnego do siatk\u00f3wki pla\u017cowej, pi\u0142ki r\u0119cznej pla\u017cowej oraz pi\u0142ki no\u017cnej pla\u017cowej w miejscowo\u015bci Rudniki.\u201d - Stowarzyszenie &quot;Razem na wy\u017cyny&quot;<\/title>\n<meta name=\"robots\" content=\"index, follow, max-snippet:-1, max-image-preview:large, max-video-preview:-1\" \/>\n<link rel=\"canonical\" href=\"https:\/\/razemnawyzyny.pl\/projekt-grantowy-mar\/zrealizowane-zadania-mar\/stowarzyszenie-rozwoju-zespolu-szkolno-przedszkolnego-im-jana-pawla-ii-rudnikach-rozwoj-ogolnodostepnej-niekomercyjnej-infrastruktury-rekreacyjnej-poprzez-stworzenie-boiska-wie\/\" \/>\n<meta property=\"og:locale\" content=\"pl_PL\" \/>\n<meta property=\"og:type\" content=\"article\" \/>\n<meta property=\"og:title\" content=\"Stowarzyszenie Rozwoju Zespo\u0142u Szkolno-Przedszkolnego im. Jana Paw\u0142a II w Rudnikach \u2013 \u201eRozw\u00f3j og\u00f3lnodost\u0119pnej i niekomercyjnej infrastruktury rekreacyjnej poprzez stworzenie boiska wielofunkcyjnego do siatk\u00f3wki pla\u017cowej, pi\u0142ki r\u0119cznej pla\u017cowej oraz pi\u0142ki no\u017cnej pla\u017cowej w miejscowo\u015bci Rudniki.\u201d - Stowarzyszenie &quot;Razem na wy\u017cyny&quot;\" \/>\n<meta property=\"og:description\" content=\"Termin realizacji zadania: 05.11.2018\u00a0r. \u2013 30.07.2019\u00a0r. Zadanie obejmowa\u0142o: budow\u0119 wielofunkcyjnego boiska do siatk\u00f3wki pla\u017cowej, pi\u0142ki no\u017cnej pla\u017cowej i pi\u0142ki r\u0119cznej pla\u017cowej organizacj\u0119 turnieju siatk\u00f3wki pla\u017cowej W ramach zadania powsta\u0142o wielofunkcyjne boisko w miejscowo\u015bci Rudniki.\u00a0W ramach promocji i integracji mieszka\u0144c\u00f3w\u00a0 zosta\u0142 zorganizowany turniej siatk\u00f3wki pla\u017cowj &#8211; otwieraj\u0105cy boisko w Rudnikach. W turnieju udzia\u0142 wzi\u0119\u0142o 36 uczestnik\u00f3w. [&hellip;]\" \/>\n<meta property=\"og:url\" content=\"https:\/\/razemnawyzyny.pl\/projekt-grantowy-mar\/zrealizowane-zadania-mar\/stowarzyszenie-rozwoju-zespolu-szkolno-przedszkolnego-im-jana-pawla-ii-rudnikach-rozwoj-ogolnodostepnej-niekomercyjnej-infrastruktury-rekreacyjnej-poprzez-stworzenie-boiska-wie\/\" \/>\n<meta property=\"og:site_name\" content=\"Stowarzyszenie &quot;Razem na wy\u017cyny&quot;\" \/>\n<meta property=\"article:modified_time\" content=\"2020-06-29T09:51:30+00:00\" \/>\n<meta property=\"og:image\" content=\"http:\/\/razemnawyzyny.pl\/wp-content\/uploads\/2020\/06\/IMG_20190906_143103.jpg\" \/>\n<meta name=\"twitter:card\" content=\"summary_large_image\" \/>\n<meta name=\"twitter:label1\" content=\"Szacowany czas czytania\" \/>\n\t<meta name=\"twitter:data1\" content=\"1 minuta\" \/>\n<script type=\"application\/ld+json\" class=\"yoast-schema-graph\">{\"@context\":\"https:\/\/schema.org\",\"@graph\":[{\"@type\":\"WebPage\",\"@id\":\"https:\/\/razemnawyzyny.pl\/projekt-grantowy-mar\/zrealizowane-zadania-mar\/stowarzyszenie-rozwoju-zespolu-szkolno-przedszkolnego-im-jana-pawla-ii-rudnikach-rozwoj-ogolnodostepnej-niekomercyjnej-infrastruktury-rekreacyjnej-poprzez-stworzenie-boiska-wie\/\",\"url\":\"https:\/\/razemnawyzyny.pl\/projekt-grantowy-mar\/zrealizowane-zadania-mar\/stowarzyszenie-rozwoju-zespolu-szkolno-przedszkolnego-im-jana-pawla-ii-rudnikach-rozwoj-ogolnodostepnej-niekomercyjnej-infrastruktury-rekreacyjnej-poprzez-stworzenie-boiska-wie\/\",\"name\":\"Stowarzyszenie Rozwoju Zespo\u0142u Szkolno-Przedszkolnego im. Jana Paw\u0142a II w Rudnikach \u2013 \u201eRozw\u00f3j og\u00f3lnodost\u0119pnej i niekomercyjnej infrastruktury rekreacyjnej poprzez stworzenie boiska wielofunkcyjnego do siatk\u00f3wki pla\u017cowej, pi\u0142ki r\u0119cznej pla\u017cowej oraz pi\u0142ki no\u017cnej pla\u017cowej w miejscowo\u015bci Rudniki.\u201d - Stowarzyszenie &quot;Razem na wy\u017cyny&quot;\",\"isPartOf\":{\"@id\":\"https:\/\/razemnawyzyny.pl\/#website\"},\"primaryImageOfPage\":{\"@id\":\"https:\/\/razemnawyzyny.pl\/projekt-grantowy-mar\/zrealizowane-zadania-mar\/stowarzyszenie-rozwoju-zespolu-szkolno-przedszkolnego-im-jana-pawla-ii-rudnikach-rozwoj-ogolnodostepnej-niekomercyjnej-infrastruktury-rekreacyjnej-poprzez-stworzenie-boiska-wie\/#primaryimage\"},\"image\":{\"@id\":\"https:\/\/razemnawyzyny.pl\/projekt-grantowy-mar\/zrealizowane-zadania-mar\/stowarzyszenie-rozwoju-zespolu-szkolno-przedszkolnego-im-jana-pawla-ii-rudnikach-rozwoj-ogolnodostepnej-niekomercyjnej-infrastruktury-rekreacyjnej-poprzez-stworzenie-boiska-wie\/#primaryimage\"},\"thumbnailUrl\":\"http:\/\/razemnawyzyny.pl\/wp-content\/uploads\/2020\/06\/IMG_20190906_143103.jpg\",\"datePublished\":\"2020-06-29T09:51:16+00:00\",\"dateModified\":\"2020-06-29T09:51:30+00:00\",\"breadcrumb\":{\"@id\":\"https:\/\/razemnawyzyny.pl\/projekt-grantowy-mar\/zrealizowane-zadania-mar\/stowarzyszenie-rozwoju-zespolu-szkolno-przedszkolnego-im-jana-pawla-ii-rudnikach-rozwoj-ogolnodostepnej-niekomercyjnej-infrastruktury-rekreacyjnej-poprzez-stworzenie-boiska-wie\/#breadcrumb\"},\"inLanguage\":\"pl-PL\",\"potentialAction\":[{\"@type\":\"ReadAction\",\"target\":[\"https:\/\/razemnawyzyny.pl\/projekt-grantowy-mar\/zrealizowane-zadania-mar\/stowarzyszenie-rozwoju-zespolu-szkolno-przedszkolnego-im-jana-pawla-ii-rudnikach-rozwoj-ogolnodostepnej-niekomercyjnej-infrastruktury-rekreacyjnej-poprzez-stworzenie-boiska-wie\/\"]}]},{\"@type\":\"ImageObject\",\"inLanguage\":\"pl-PL\",\"@id\":\"https:\/\/razemnawyzyny.pl\/projekt-grantowy-mar\/zrealizowane-zadania-mar\/stowarzyszenie-rozwoju-zespolu-szkolno-przedszkolnego-im-jana-pawla-ii-rudnikach-rozwoj-ogolnodostepnej-niekomercyjnej-infrastruktury-rekreacyjnej-poprzez-stworzenie-boiska-wie\/#primaryimage\",\"url\":\"https:\/\/razemnawyzyny.pl\/wp-content\/uploads\/2020\/06\/IMG_20190906_143103.jpg\",\"contentUrl\":\"https:\/\/razemnawyzyny.pl\/wp-content\/uploads\/2020\/06\/IMG_20190906_143103.jpg\",\"width\":3968,\"height\":2976,\"caption\":\"dav\"},{\"@type\":\"BreadcrumbList\",\"@id\":\"https:\/\/razemnawyzyny.pl\/projekt-grantowy-mar\/zrealizowane-zadania-mar\/stowarzyszenie-rozwoju-zespolu-szkolno-przedszkolnego-im-jana-pawla-ii-rudnikach-rozwoj-ogolnodostepnej-niekomercyjnej-infrastruktury-rekreacyjnej-poprzez-stworzenie-boiska-wie\/#breadcrumb\",\"itemListElement\":[{\"@type\":\"ListItem\",\"position\":1,\"name\":\"Strona g\u0142\u00f3wna\",\"item\":\"https:\/\/razemnawyzyny.pl\/\"},{\"@type\":\"ListItem\",\"position\":2,\"name\":\"Projekt grantowy MAR\",\"item\":\"https:\/\/razemnawyzyny.pl\/projekt-grantowy-mar\/\"},{\"@type\":\"ListItem\",\"position\":3,\"name\":\"Zrealizowane zadania MAR\",\"item\":\"https:\/\/razemnawyzyny.pl\/projekt-grantowy-mar\/zrealizowane-zadania-mar\/\"},{\"@type\":\"ListItem\",\"position\":4,\"name\":\"Stowarzyszenie Rozwoju Zespo\u0142u Szkolno-Przedszkolnego im. Jana Paw\u0142a II w Rudnikach \u2013 \u201eRozw\u00f3j og\u00f3lnodost\u0119pnej i niekomercyjnej infrastruktury rekreacyjnej poprzez stworzenie boiska wielofunkcyjnego do siatk\u00f3wki pla\u017cowej, pi\u0142ki r\u0119cznej pla\u017cowej oraz pi\u0142ki no\u017cnej pla\u017cowej w miejscowo\u015bci Rudniki.\u201d\"}]},{\"@type\":\"WebSite\",\"@id\":\"https:\/\/razemnawyzyny.pl\/#website\",\"url\":\"https:\/\/razemnawyzyny.pl\/\",\"name\":\"Stowarzyszenie &quot;Razem na wy\u017cyny&quot;\",\"description\":\"Stowarzyszenie\",\"potentialAction\":[{\"@type\":\"SearchAction\",\"target\":{\"@type\":\"EntryPoint\",\"urlTemplate\":\"https:\/\/razemnawyzyny.pl\/?s={search_term_string}\"},\"query-input\":\"required name=search_term_string\"}],\"inLanguage\":\"pl-PL\"}]}<\/script>\n<!-- \/ Yoast SEO plugin. -->","yoast_head_json":{"title":"Stowarzyszenie Rozwoju Zespo\u0142u Szkolno-Przedszkolnego im. Jana Paw\u0142a II w Rudnikach \u2013 \u201eRozw\u00f3j og\u00f3lnodost\u0119pnej i niekomercyjnej infrastruktury rekreacyjnej poprzez stworzenie boiska wielofunkcyjnego do siatk\u00f3wki pla\u017cowej, pi\u0142ki r\u0119cznej pla\u017cowej oraz pi\u0142ki no\u017cnej pla\u017cowej w miejscowo\u015bci Rudniki.\u201d - Stowarzyszenie &quot;Razem na wy\u017cyny&quot;","robots":{"index":"index","follow":"follow","max-snippet":"max-snippet:-1","max-image-preview":"max-image-preview:large","max-video-preview":"max-video-preview:-1"},"canonical":"https:\/\/razemnawyzyny.pl\/projekt-grantowy-mar\/zrealizowane-zadania-mar\/stowarzyszenie-rozwoju-zespolu-szkolno-przedszkolnego-im-jana-pawla-ii-rudnikach-rozwoj-ogolnodostepnej-niekomercyjnej-infrastruktury-rekreacyjnej-poprzez-stworzenie-boiska-wie\/","og_locale":"pl_PL","og_type":"article","og_title":"Stowarzyszenie Rozwoju Zespo\u0142u Szkolno-Przedszkolnego im. Jana Paw\u0142a II w Rudnikach \u2013 \u201eRozw\u00f3j og\u00f3lnodost\u0119pnej i niekomercyjnej infrastruktury rekreacyjnej poprzez stworzenie boiska wielofunkcyjnego do siatk\u00f3wki pla\u017cowej, pi\u0142ki r\u0119cznej pla\u017cowej oraz pi\u0142ki no\u017cnej pla\u017cowej w miejscowo\u015bci Rudniki.\u201d - Stowarzyszenie &quot;Razem na wy\u017cyny&quot;","og_description":"Termin realizacji zadania: 05.11.2018\u00a0r. \u2013 30.07.2019\u00a0r. Zadanie obejmowa\u0142o: budow\u0119 wielofunkcyjnego boiska do siatk\u00f3wki pla\u017cowej, pi\u0142ki no\u017cnej pla\u017cowej i pi\u0142ki r\u0119cznej pla\u017cowej organizacj\u0119 turnieju siatk\u00f3wki pla\u017cowej W ramach zadania powsta\u0142o wielofunkcyjne boisko w miejscowo\u015bci Rudniki.\u00a0W ramach promocji i integracji mieszka\u0144c\u00f3w\u00a0 zosta\u0142 zorganizowany turniej siatk\u00f3wki pla\u017cowj &#8211; otwieraj\u0105cy boisko w Rudnikach. W turnieju udzia\u0142 wzi\u0119\u0142o 36 uczestnik\u00f3w. [&hellip;]","og_url":"https:\/\/razemnawyzyny.pl\/projekt-grantowy-mar\/zrealizowane-zadania-mar\/stowarzyszenie-rozwoju-zespolu-szkolno-przedszkolnego-im-jana-pawla-ii-rudnikach-rozwoj-ogolnodostepnej-niekomercyjnej-infrastruktury-rekreacyjnej-poprzez-stworzenie-boiska-wie\/","og_site_name":"Stowarzyszenie &quot;Razem na wy\u017cyny&quot;","article_modified_time":"2020-06-29T09:51:30+00:00","og_image":[{"url":"http:\/\/razemnawyzyny.pl\/wp-content\/uploads\/2020\/06\/IMG_20190906_143103.jpg"}],"twitter_card":"summary_large_image","twitter_misc":{"Szacowany czas czytania":"1 minuta"},"schema":{"@context":"https:\/\/schema.org","@graph":[{"@type":"WebPage","@id":"https:\/\/razemnawyzyny.pl\/projekt-grantowy-mar\/zrealizowane-zadania-mar\/stowarzyszenie-rozwoju-zespolu-szkolno-przedszkolnego-im-jana-pawla-ii-rudnikach-rozwoj-ogolnodostepnej-niekomercyjnej-infrastruktury-rekreacyjnej-poprzez-stworzenie-boiska-wie\/","url":"https:\/\/razemnawyzyny.pl\/projekt-grantowy-mar\/zrealizowane-zadania-mar\/stowarzyszenie-rozwoju-zespolu-szkolno-przedszkolnego-im-jana-pawla-ii-rudnikach-rozwoj-ogolnodostepnej-niekomercyjnej-infrastruktury-rekreacyjnej-poprzez-stworzenie-boiska-wie\/","name":"Stowarzyszenie Rozwoju Zespo\u0142u Szkolno-Przedszkolnego im. Jana Paw\u0142a II w Rudnikach \u2013 \u201eRozw\u00f3j og\u00f3lnodost\u0119pnej i niekomercyjnej infrastruktury rekreacyjnej poprzez stworzenie boiska wielofunkcyjnego do siatk\u00f3wki pla\u017cowej, pi\u0142ki r\u0119cznej pla\u017cowej oraz pi\u0142ki no\u017cnej pla\u017cowej w miejscowo\u015bci Rudniki.\u201d - Stowarzyszenie &quot;Razem na wy\u017cyny&quot;","isPartOf":{"@id":"https:\/\/razemnawyzyny.pl\/#website"},"primaryImageOfPage":{"@id":"https:\/\/razemnawyzyny.pl\/projekt-grantowy-mar\/zrealizowane-zadania-mar\/stowarzyszenie-rozwoju-zespolu-szkolno-przedszkolnego-im-jana-pawla-ii-rudnikach-rozwoj-ogolnodostepnej-niekomercyjnej-infrastruktury-rekreacyjnej-poprzez-stworzenie-boiska-wie\/#primaryimage"},"image":{"@id":"https:\/\/razemnawyzyny.pl\/projekt-grantowy-mar\/zrealizowane-zadania-mar\/stowarzyszenie-rozwoju-zespolu-szkolno-przedszkolnego-im-jana-pawla-ii-rudnikach-rozwoj-ogolnodostepnej-niekomercyjnej-infrastruktury-rekreacyjnej-poprzez-stworzenie-boiska-wie\/#primaryimage"},"thumbnailUrl":"http:\/\/razemnawyzyny.pl\/wp-content\/uploads\/2020\/06\/IMG_20190906_143103.jpg","datePublished":"2020-06-29T09:51:16+00:00","dateModified":"2020-06-29T09:51:30+00:00","breadcrumb":{"@id":"https:\/\/razemnawyzyny.pl\/projekt-grantowy-mar\/zrealizowane-zadania-mar\/stowarzyszenie-rozwoju-zespolu-szkolno-przedszkolnego-im-jana-pawla-ii-rudnikach-rozwoj-ogolnodostepnej-niekomercyjnej-infrastruktury-rekreacyjnej-poprzez-stworzenie-boiska-wie\/#breadcrumb"},"inLanguage":"pl-PL","potentialAction":[{"@type":"ReadAction","target":["https:\/\/razemnawyzyny.pl\/projekt-grantowy-mar\/zrealizowane-zadania-mar\/stowarzyszenie-rozwoju-zespolu-szkolno-przedszkolnego-im-jana-pawla-ii-rudnikach-rozwoj-ogolnodostepnej-niekomercyjnej-infrastruktury-rekreacyjnej-poprzez-stworzenie-boiska-wie\/"]}]},{"@type":"ImageObject","inLanguage":"pl-PL","@id":"https:\/\/razemnawyzyny.pl\/projekt-grantowy-mar\/zrealizowane-zadania-mar\/stowarzyszenie-rozwoju-zespolu-szkolno-przedszkolnego-im-jana-pawla-ii-rudnikach-rozwoj-ogolnodostepnej-niekomercyjnej-infrastruktury-rekreacyjnej-poprzez-stworzenie-boiska-wie\/#primaryimage","url":"https:\/\/razemnawyzyny.pl\/wp-content\/uploads\/2020\/06\/IMG_20190906_143103.jpg","contentUrl":"https:\/\/razemnawyzyny.pl\/wp-content\/uploads\/2020\/06\/IMG_20190906_143103.jpg","width":3968,"height":2976,"caption":"dav"},{"@type":"BreadcrumbList","@id":"https:\/\/razemnawyzyny.pl\/projekt-grantowy-mar\/zrealizowane-zadania-mar\/stowarzyszenie-rozwoju-zespolu-szkolno-przedszkolnego-im-jana-pawla-ii-rudnikach-rozwoj-ogolnodostepnej-niekomercyjnej-infrastruktury-rekreacyjnej-poprzez-stworzenie-boiska-wie\/#breadcrumb","itemListElement":[{"@type":"ListItem","position":1,"name":"Strona g\u0142\u00f3wna","item":"https:\/\/razemnawyzyny.pl\/"},{"@type":"ListItem","position":2,"name":"Projekt grantowy MAR","item":"https:\/\/razemnawyzyny.pl\/projekt-grantowy-mar\/"},{"@type":"ListItem","position":3,"name":"Zrealizowane zadania MAR","item":"https:\/\/razemnawyzyny.pl\/projekt-grantowy-mar\/zrealizowane-zadania-mar\/"},{"@type":"ListItem","position":4,"name":"Stowarzyszenie Rozwoju Zespo\u0142u Szkolno-Przedszkolnego im. Jana Paw\u0142a II w Rudnikach \u2013 \u201eRozw\u00f3j og\u00f3lnodost\u0119pnej i niekomercyjnej infrastruktury rekreacyjnej poprzez stworzenie boiska wielofunkcyjnego do siatk\u00f3wki pla\u017cowej, pi\u0142ki r\u0119cznej pla\u017cowej oraz pi\u0142ki no\u017cnej pla\u017cowej w miejscowo\u015bci Rudniki.\u201d"}]},{"@type":"WebSite","@id":"https:\/\/razemnawyzyny.pl\/#website","url":"https:\/\/razemnawyzyny.pl\/","name":"Stowarzyszenie &quot;Razem na wy\u017cyny&quot;","description":"Stowarzyszenie","potentialAction":[{"@type":"SearchAction","target":{"@type":"EntryPoint","urlTemplate":"https:\/\/razemnawyzyny.pl\/?s={search_term_string}"},"query-input":"required name=search_term_string"}],"inLanguage":"pl-PL"}]}},"_links":{"self":[{"href":"https:\/\/razemnawyzyny.pl\/wp-json\/wp\/v2\/pages\/9451"}],"collection":[{"href":"https:\/\/razemnawyzyny.pl\/wp-json\/wp\/v2\/pages"}],"about":[{"href":"https:\/\/razemnawyzyny.pl\/wp-json\/wp\/v2\/types\/page"}],"author":[{"embeddable":true,"href":"https:\/\/razemnawyzyny.pl\/wp-json\/wp\/v2\/users\/10"}],"replies":[{"embeddable":true,"href":"https:\/\/razemnawyzyny.pl\/wp-json\/wp\/v2\/comments?post=9451"}],"version-history":[{"count":1,"href":"https:\/\/razemnawyzyny.pl\/wp-json\/wp\/v2\/pages\/9451\/revisions"}],"predecessor-version":[{"id":9455,"href":"https:\/\/razemnawyzyny.pl\/wp-json\/wp\/v2\/pages\/9451\/revisions\/9455"}],"up":[{"embeddable":true,"href":"https:\/\/razemnawyzyny.pl\/wp-json\/wp\/v2\/pages\/9125"}],"wp:attachment":[{"href":"https:\/\/razemnawyzyny.pl\/wp-json\/wp\/v2\/media?parent=9451"}],"curies":[{"name":"wp","href":"https:\/\/api.w.org\/{rel}","templated":true}]}}